Suppose h = -4*x + 4*h + 1258, -5*h - 622 = -2*x. List the prime factors of x.
2, 79
Let a = 6599 + -3473. List the prime factors of a.
2, 3, 521
Suppose k + 21 + 51 = y, -5*y + 372 = -k. Suppose -y*m + 302 = -73*m. List the prime factors of m.
151
Let s(g) = 38*g - 161. List the prime factors of s(5).
29
Let g(h) = 8*h - 11. Let r be g(-6). Let v = 291 + r. What are the prime factors of v?
2, 29
Let w(n) = -3*n - n + 0 + 6*n - 1. Let i be w(3). Suppose -i*g = -g - 132. What are the prime factors of g?
3, 11
Let p = -29 + 31. Suppose m + 4*k - 66 = 0, -99 = -p*m - 3*k + 38. What are the prime factors of m?
2, 5, 7
Let t be 1 + 7/(-1)*-1. Suppose -4*z = -t*z. Suppose z = -p - p + 38. What are the prime factors of p?
19
Let u(i) = i**3 + 8*i**2 - 8*i + 12. Let l be u(-9). Suppose 0 = m - 1 - l. Suppose 0 = -m*q + 29 + 71. What are the prime factors of q?
5
What are the prime factors of (-1 + 2)/(5*(-7)/(-5705))?
163
Let z = -1 - 7. Let j be (-77)/(-28) + 6/z. Suppose 0*x - 2*x - j*q + 4 = 0, 5*x + 4*q = 11. List the prime factors of x.
3
Let p = 29 - 27. Suppose 155 = 5*h + p*a, 5*h - 215 + 65 = -a. What are the prime factors of h?
29
Let w(d) = 2*d + 22. Let u be w(-11). Suppose u*l + 3*l = 48. What are the prime factors of l?
2
Let a = 10 + -8. Let m(r) = r**3 + 2*r - 3. Let t be m(a). Suppose -t*p + 4*p = -80. List the prime factors of p.
2
List the prime factors of (-16)/(-4) + -9 - -1359.
2, 677
Let a(m) = -m**3 + 5*m**2 + 6*m + 2. Let j be -1 + -31 - (17 - 19). Let k = -24 - j. What are the prime factors of a(k)?
2
Let n(k) = 15*k + 41. List the prime factors of n(19).
2, 163
Suppose 3*o = -2*j + 1310 - 94, -5*o + j + 2044 = 0. What are the prime factors of o?
2, 3, 17
Let w = 1178 - 373. What are the prime factors of w?
5, 7, 23
Let d(p) be the first derivative of p**4/4 + 7*p**3/3 - 3*p**2/2 + 7*p + 10. Let w be d(-6). Let o = -31 + w. List the prime factors of o.
2, 3, 5
Suppose 4592 = -10*f + 27462. What are the prime factors of f?
2287
Let i(f) = f + 2 - f + 4*f + 2. Let s(q) = -9*q - 9. Let a(l) = 5*i(l) + 2*s(l). What are the prime factors of a(4)?
2, 5
Let n(p) = -p + 9. Let z(f) = -2*f**2 - 2*f. Let x = 21 + -19. Let h be z(x). What are the prime factors of n(h)?
3, 7
Let k(o) = o**3 - 8*o**2 - 8*o + 5. Let f be k(9). Suppose -y + f = g, -4*y - 3*g = -7 - 51. Suppose 0*w = -4*w + y. List the prime factors of w.
2
Let o = -1604 - -2612. What are the prime factors of o?
2, 3, 7
Let n = 413 - 185. Suppose 3*a - n = p, -2*a = -7*a - 4*p + 363. What are the prime factors of a?
3, 5
Let j(q) = 2*q - 5 - 2 - 1. Suppose 4*i - 22 - 22 = 0. List the prime factors of j(i).
2, 7
Suppose -5*q + 12645 = 5*i, 6*q - i = 4*q + 5061. What are the prime factors of q?
2, 5, 11, 23
Suppose -5*k - 2*l + 8 = -3*l, 0 = -k + l + 4. List the prime factors of 52/(-3 - (k + -6)).
2, 13
Suppose c + 2*c - 5*w = -25, -25 = -4*c - 5*w. Let s = 11 - c. List the prime factors of s.
11
Let x = -11 + 15. Suppose 5*b = x*y - 223, 5*y - 4*y - 3*b = 61. What are the prime factors of y?
2, 13
Let b(y) = y**3 + 2. Let i(g) = g**2 + g. Let u be i(1). Let s be u + (0 + -4 - -2). List the prime factors of b(s).
2
Suppose -20 + 8 = -3*w. Suppose -10*o = w*o - 3094. List the prime factors of o.
13, 17
Suppose -2*c = 4*o - 8 - 2, 3*o - c - 20 = 0. Suppose -5*h = -5*u + 847 + 303, o*u - 1120 = -h. What are the prime factors of u?
3, 5
Let h(f) = f**2 + 10*f + 9. Let d be h(-9). Suppose 4*t - 2*p - 9 + 33 = 0, -p + 4 = d. What are the prime factors of (1 - 0)/(t/(-48))?
2, 3
Let w(f) = -10*f**3 + 3*f + 1. Let b be w(-2). Suppose -4*i + 6*y + 314 = 3*y, y = -i + b. List the prime factors of i.
7, 11
Let l be 3/(-6) + 221/2. Suppose 0 = -5*s - 3*c + 61, 5*s - 3*c - 36 = 43. Suppose a - 9 = 5*x, 5*x - s + l = 4*a. List the prime factors of a.
29
Let c(q) = q**2 - 7*q + 3. Let k be c(7). Suppose k*y + 1 - 16 = 0. Suppose 3*u + 21 = p - 2*u, -y*p - 4*u + 18 = 0. What are the prime factors of p?
2, 3
Suppose 3*f + 6 = 5*f. Suppose 0*j = -f*j - d + 253, 4*d = j - 67. List the prime factors of j.
83
Suppose -3039 - 9129 = -6*m. What are the prime factors of m?
2, 3, 13
Suppose -5924 = -2*r - 4*v, -11092 = -5*r - v + 3754. What are the prime factors of r?
2, 3, 5, 11
Suppose 3*q = 6*q + 483. Let d = q - -235. Let y = -51 + d. List the prime factors of y.
23
Let m(a) = -a**3 - 6*a**2 - 15*a + 30. What are the prime factors of m(-9)?
2, 3, 17
Let b be (135/(-20))/(3/(-8)). Let f be ((-12)/(-7))/(b/63). Suppose 5*v + 193 = 3*x, -124 = 4*x - f*x + v. List the prime factors of x.
61
Suppose -b - 2*z + 105 = 0, -5*b + 544 = z + 37. Let f = b + -51. What are the prime factors of f?
2, 5
Let t(z) = -z**3 + 28*z**2 - 44*z - 44. List the prime factors of t(26).
2, 41
Suppose -1783 = -3*y + 2*w, -21*y - 2945 = -26*y - 2*w. What are the prime factors of y?
3, 197
Let u(l) = 11*l + 3 + l**2 - 5*l**2 + 4*l**2 + l**2. Let d be u(-11). What are the prime factors of 74 - (0 + 5 - d)?
2, 3
Let f(o) = o**2 - o - 1. Let w(g) = g**2 - 28*g - 27. Let n(a) = -2*f(a) + w(a). What are the prime factors of n(-18)?
7, 17
Let q(g) = -13*g - 1. Suppose -5*o - 5 = -0. Let z be q(o). Suppose 0 = -0*u - 3*u + y + 12, -u + 3*y + z = 0. What are the prime factors of u?
3
Suppose 7*x = 9*x - 504. List the prime factors of 1 + x/52 - 2/(-13).
2, 3
Let v be (3/(-4))/(3*6/(-1512)). Suppose 5*p = -3*f + v, p - 42 = -2*f - p. List the prime factors of f.
3, 7
Suppose 0 = 4*b - 1327 - 801. List the prime factors of b.
2, 7, 19
Suppose -49*n - 36320 = -171266. List the prime factors of n.
2, 3, 17
Let n = -43 + 25. Let b be (-9 - 0)*6/n. Suppose -82 = b*v - 5*v. What are the prime factors of v?
41
Let f = 3352 - 1811. List the prime factors of f.
23, 67
Let y = -129 + 124. List the prime factors of (-8 - y) + 231 - -1.
229
Let m be (-876)/(-9) + (-4)/12. Let s = -35 + m. List the prime factors of s.
2, 31
Let s = -41 + 25. Let r be (36/s)/((-9)/24). Suppose -480 = -0*v - r*v. List the prime factors of v.
2, 5
Suppose 2*b = 5*v - 10966, v - 1000 = -b + 1189. List the prime factors of v.
2, 137
Let c(g) = -10*g**3 + 5*g - 1. List the prime factors of c(-3).
2, 127
Let z be (-160)/(-15) + 4/(-6). Let y be (94/(-5))/(2/z). List the prime factors of 1*-4*y/8.
47
List the prime factors of 3*4/48 - (-1499)/4.
3, 5
Let g = 32 + -27. Suppose o + s - 113 = 0, s = g*o - o - 437. Suppose -3*w + 85 + o = 0. List the prime factors of w.
5, 13
Let j = 4 + -2. Suppose 5*l + g = 83, -7*l + 87 = -j*l - g. List the prime factors of (l - 7)*32/10.
2
Let k be 14/(-105) - 152/(-15). Let i = 10 - k. Suppose -c - 110 = -5*a - 6*c, i = 4*c - 8. List the prime factors of a.
2, 5
Suppose 0 = 3*n + 3*p - 4*p + 463, 3*n + p + 455 = 0. What are the prime factors of (-1 - -4) + (-2 - n)?
2, 7, 11
Suppose 5*x = -6*z + 11*z - 3480, -x + 2759 = 4*z. List the prime factors of z.
691
Let p(o) = 12*o**2 + 2*o - 4. Let x = -61 - -59. What are the prime factors of p(x)?
2, 5
Suppose -14*d + 19*d - 10 = 0. Let i be d/((-10)/3 - -4). Suppose 0*b + 2*h = i*b - 159, 5*h = 4*b - 219. List the prime factors of b.
3, 17
Let q(k) = -99*k - 187. List the prime factors of q(-14).
11, 109
Let i be (-6)/((-3 + 0)*-1 + -5). List the prime factors of 616/8 + 2*i/2.
2, 5
Let b = 5900 - 3084. What are the prime factors of b?
2, 11
Suppose 3*k = 5*x + 167, 0 = 3*x + 2*x - 25. Suppose 3*b - 4*b + k = 0. What are the prime factors of b?
2
Suppose -383 = -c + 5*j, 1 = -4*j - 3. What are the prime factors of c?
2, 3, 7
Let q = 29 + -22. Let i be ((4 - q) + 2)*5. Let v = 15 - i. List the prime factors of v.
2, 5
List the prime factors of ((745/3)/(-1))/((-2)/12).
2, 5, 149
Let v(f) = -9*f - 2. Suppose 4 = -0*c + c. Suppose 0 = -2*p + c*o - 24, 1 - 30 = 2*p - 5*o. What are the prime factors of v(p)?
2
Suppose -4*y + 37 = 9. Suppose 2*u - 5*i + 65 = 0, 26*i - 31*i + 125 = -5*u. What are the prime factors of (y - u) + 0 + 0?
3
Let m = 547 - 271. Suppose -2*a - 2*n + m = -0*a, -3*n + 134 = a. What are the prime factors of a?
2, 5, 7
Let u be 0 + 3/9*0. Suppose 5*w - 3*w - 220 = u. List the prime factors of w.
2, 5, 11
Suppose 0 = -5*s + 70 + 175. Let o = 19 + s. List the prime factors of o.
2, 17
Let z = -5988 + 9610. List the prime factors of z.
2, 1811
Suppose -2*o + 1452 + 3470 = 0. W